*i**3 + i**2. What is l(-1)?
9
Let b(q) = 6*q**3 - 2*q**2 + 1. Determine b(2).
41
Let f(c) = -c - 4. What is f(0)?
-4
Let c(n) = n**3 + 5*n**2 + n + 11. Determine c(-5).
6
Let x(a) = -8*a + 159. What is x(19)?
7
Let x(t) = -t**3 - 3*t**2 + 11*t + 4. What is x(-5)?
-1
Let y(j) = -j**2 - 16*j + 16. What is y(-15)?
31
Let c(a) = 4*a - 8. Determine c(-2).
-16
Let i(p) = -p**3 + 5*p**2 + 5*p + 8. What is i(6)?
2
Let o(v) = -4*v + 38. What is o(13)?
-14
Let t(a) = 17*a - 44. Determine t(7).
75
Let q(x) = 20*x - 7. What is q(4)?
73
Let d(q) = -q**3 + 6*q**2 - q - 26. Calculate d(6).
-32
Let s(d) = -3*d**2 - 69*d + 18. Determine s(-23).
18
Let j(t) = 4*t**2 - 50*t + 26. Calculate j(12).
2
Let j(n) = -3*n + 24. What is j(6)?
6
Let o(a) = -a**3 - 13*a**2 + 30*a - 10. Give o(-15).
-10
Let a(v) = 4*v**2 - v - 2. Determine a(-2).
16
Let f(l) = 13*l + 1. Calculate f(1).
14
Let n(w) = -9*w - 40. What is n(-15)?
95
Let a(i) = -i**2 - 10*i - 30. Determine a(-10).
-30
Let q(t) = t**3 - 18*t**2 + 17*t - 3. Determine q(17).
-3
Let b(p) = -p**2 - 10*p - 22. Give b(-8).
-6
Let h(r) = -3*r**3 + 6*r**2 - 6*r + 2. What is h(2)?
-10
Let k(l) = l**3 - l - 2. Determine k(0).
-2
Let c(n) = 2*n - 42. Give c(22).
2
Let y(i) = -i**3 - 19*i**2 - 35*i - 12. What is y(-17)?
5
Let z(a) = a**2 - 5*a + 9. Give z(4).
5
Let y(p) = -5*p + 16. What is y(3)?
1
Let k(w) = w**2 - 15*w - 26. Give k(13).
-52
Let o(v) = v**3 - 2*v**2 - 11*v + 9. Give o(4).
-3
Let r(b) = -b**2 - 13*b - 2. Give r(-13).
-2
Let v(n) = -n - 86. Give v(-22).
-64
Let n(t) = -2*t. Calculate n(-2).
4
Let x(o) = 12*o + 35. What is x(-5)?
-25
Let j(h) = -h**3 + 6*h - 1. What is j(0)?
-1
Let l(a) = -4*a - 9. What is l(-4)?
7
Let l(x) = 3*x**2 - 13*x - 4. Give l(4).
-8
Let j(o) = -7*o - 10. Determine j(3).
-31
Let n(d) = d**3 - 4*d**2 - 14*d - 10. What is n(7)?
39
Let s(l) = 3*l - 1. Calculate s(-4).
-13
Let a(m) = m**3 + 22*m**2 + 18*m + 18. What is a(-21)?
81
Let s(p) = 2*p**3 - 4*p**2 + 3*p + 2. Give s(4).
78
Let f(c) = -c**3 + 41*c**2 + 43*c - 31. Calculate f(42).
11
Let n(j) = -j**3 + 40*j**2 + 277*j - 51. What is n(46)?
-5
Let v(u) = -u. Calculate v(-2).
2
Let h(s) = s**3 - 9*s**2 - 10*s - 6. Calculate h(10).
-6
Let s(n) = -n**2 - n + 2. Calculate s(-2).
0
Let w(m) = -m**3 - m**2 + 3*m - 4. Determine w(-3).
5
Let o(p) = -2*p**3 + 3*p**2 + 2*p + 2. What is o(-2)?
26
Let m(l) = -l**3 + 2*l**2 - l - 18. Give m(0).
-18
Let a(s) = s**3 - 2*s**2 - s - 1. Calculate a(-2).
-15
Let f(k) = 6*k**2 + 5*k - 1. Calculate f(-3).
38
Let i(x) = 2*x**2 + 13*x + 9. Give i(-6).
3
Let f(r) = -r**2 - 3*r - 1. Calculate f(-2).
1
Let f(u) = 7*u - 87. What is f(14)?
11
Let n(v) = 3*v**3 - v**2. Give n(-1).
-4
Let b(o) = 4*o + 4. What is b(4)?
20
Let o(r) = r**2 + 13*r + 46. What is o(-10)?
16
Let q(h) = -58*h - 466. Give q(-8).
-2
Let z(d) = -75*d**2 + 6*d + 7. Give z(-1).
-74
Let m(x) = 5*x**2 - x - 14. Determine m(0).
-14
Let a(j) = -j**3 + 10*j**2 - 6. Determine a(10).
-6
Let f(h) = h**2 - 11*h + 17. Determine f(8).
-7
Let t(u) = 24*u - 7. What is t(-2)?
-55
Let y(u) = u**3 - 12*u**2 - u. What is y(12)?
-12
Let p(y) = 4*y**2 + 12*y + 1. What is p(-4)?
17
Let a(m) = -m**2 + 8*m - 10. Give a(8).
-10
Let d(a) = -a - 6. Determine d(-6).
0
Let k(t) = t**2 + 11*t - 12. Determine k(-10).
-22
Let n(q) = 25*q**2 - 2. What is n(1)?
23
Let g(k) = 4*k + 8. Calculate g(9).
44
Let u(s) = -s**2 - 33*s - 173. What is u(-27)?
-11
Let x(m) = 7*m + 99. Calculate x(-15).
-6
Let t(n) = 10*n**3 + 2*n + 1. Give t(-1).
-11
Let w(t) = -t**3 + 4*t**2 + 6*t + 5. Determine w(6).
-31
Let c(o) = -o**3 - 39*o**2 - 289*o + 33. Calculate c(-29).
4
Let v(q) = -q**2 - 12*q + 130. Determine v(-19).
-3
Let l(f) = -13*f**3 - f**2. Calculate l(1).
-14
Let h(p) = p**3 - 16*p**2 - 224*p + 11. What is h(-9)?
2
Let g(x) = -x**3 + 8*x**2 - 8*x + 4. What is g(7)?
-3
Let o(a) = -a**2 + 9*a - 18. Calculate o(3).
0
Let y(w) = w - 7. Give y(12).
5
Let y(s) = s**3 - 7*s**2 + 9*s - 5. What is y(5)?
-10
Let g(l) = -l**2 + 6*l + 4. Give g(4).
12
Let o(k) = -k. Give o(-5).
5
Let o(v) = 22*v - 14. Determine o(-6).
-146
Let g(q) = 8*q - 66. Calculate g(9).
6
Let n(d) = d**2 + 15*d - 64. Determine n(-19).
12
Let n(f) = -45*f + 222. Calculate n(5).
-3
Let b(s) = s**2 - 33. Give b(0).
-33
Let n(v) = 5*v - 7. Give n(7).
28
Let j(k) = -3*k + 23. What is j(9)?
-4
Let n(y) = 125*y**3 - 3*y**2 - y + 3. What is n(1)?
124
Let y(u) = 2*u**2 + 16*u - 8. Give y(-8).
-8
Let x(v) = 3*v**2 + 1. Calculate x(1).
4
Let i(p) = -p**3 + 11*p**2 - 32*p + 17. Calculate i(6).
5
Let n(b) = -b**2 + 21*b + 32. Determine n(23).
-14
Let v(f) = -f**3 - 7*f**2 - 7*f - 10. Calculate v(-6).
-4
Let f(q) = q**2 + 14*q + 14. Calculate f(-14).
14
Let z(u) = -70*u - 10. What is z(1)?
-80
Let u(l) = l**2 + 7*l - 8. What is u(-7)?
-8
Let k(h) = h + 9. Determine k(9).
18
Let u(c) = c - 22. What is u(-9)?
-31
Let n(i) = 3*i - 18. Determine n(12).
18
Let o(h) = -4*h**2 + 3*h. Calculate o(3).
-27
Let y(h) = 6*h**3 - 29*h**2 - 6. Give y(5).
19
Let u(f) = -f**3 - 11*f**2 + f + 12. Give u(-11).
1
Let z(t) = t**2 - 12*t - 18. Give z(15).
27
Let c(o) = -4*o + 112. Determine c(13).
60
Let u(o) = -o**2 - 4*o + 12. Calculate u(-6).
0
Let o(t) = -8*t - 22. What is o(-4)?
10
Let i(s) = -s**3 + 6*s**2 - 2*s - 4. What is i(4)?
20
Let w(k) = -2*k**2 + k. Determine w(2).
-6
Let q(c) = -22*c - 5. Give q(0).
-5
Let m(r) = 7*r + 332. What is m(-47)?
3
Let m(c) = c**2 - 15*c + 15. Give m(15).
15
Let k(a) = -a + 19. Calculate k(8).
11
Let n(p) = p**2 + 12*p + 15. Give n(-12).
15
Let s(a) = 3*a + 1. What is s(-1)?
-2
Let m(g) = -50*g - 7. Give m(-2).
93
Let u(q) = q**2 + 4. Calculate u(2).
8
Let n(w) = w**3 + 29*w**2 + 28*w - 5. Determine n(-28).
-5
Let l(u) = u**3 - 12*u**2 + 15*u - 43. What is l(11)?
1
Let t(q) = q**3 - 11*q**2 - 8*q + 20. Determine t(11).
-68
Let w(x) = x**2 - 5*x + 6. Give w(6).
12
Let g(a) = a**3 + 8*a**2 + 3. Calculate g(0).
3
Let r(a) = 5*a - 30. Give r(14).
40
Let k(c) = -c**3 - 8*c**2 - 9*c. What is k(-6)?
-18
Let i(v) = -v**3 + 4*v**2 + 15*v - 2. Calculate i(6).
16
Let f(w) = w**3 + 20*w**2 + 18*w - 4. What is f(-19)?
15
Let g(r) = 7*r + 10. Determine g(-4).
-18
Let l(i) = i**3 + 2*i**2 - 5*i + 5. Determine l(-5).
-45
Let r(f) = 16*f**2 - 2*f - 1. Determine r(-1).
17
Let q(u) = -u**3 + 8*u**2 - 2*u - 11. What is q(7)?
24
Let p(d) = d**2 - 20*d - 49. What is p(19)?
-68
Let t(k) = -k + 10. Give t(6).
4
Let w(m) = -m**2 - 16*m - 22. Give w(-15).
-7
Let g(u) = 6*u**2 - 19*u + 7. Calculate g(4).
27
Let o(x) = -x**2 + 2*x + 14. Give o(0).
14
Let l(z) = -z**2 + 11*z - 2. Calculate l(10).
8
Let x(b) = -7*b - 1. Calculate x(2).
-15
Let h(s) = s**2 - 2*s - 24. What is h(0)?
-24
Let m(c) = -c**3 - c**2 + c + 13. Determine m(0).
13
Let d(w) = 4*w + 36. Give d(-4).
20
Let r(w) = -19*w - 39. Give r(-1).
-20
Let f(l) = 7*l + 63. Calculate f(-9).
0
Let j(w) = w**2 - 8*w + 4. What is j(7)?
-3
Let y(u) = -u**2 - 27*u - 26. Give y(-26).
0
Let w(f) = f**2 + 24*f - 11. Determine w(-24).
-11
Let l(g) = -15*g**3 - 2*g**2 + 2*g. Calculate l(1).
-15
Let v(n) = -2*n**2 - 2*n. Determine v(2).
-12
Let m(w) = -w**3 + 4*w**2 - 2*w + 2. Calculate m(4).
-6
Let p(y) = -y**2 + 8*y - 2. Calculate p(6).
10
Let g(h) = h**2 + 15*h - 40. Determine g(-19).
36
Let k(o) = 103*o**2 - 2*o + 2. Determine k(1).
103
Let o(z) = -2*z**3 - 5*z**2 - 2*z + 1. Calculate o(-3).
16
Let y(x) = 4*x**2 + 3. What is y(-2)?
19
Let d(r) = r - 16. Give d(17).
1
Let x(f) = -f + 49. What is x(42)?
7
Let m(k) = 8*k + 130. Calculate m(-16).
2
Let k(q) = -q + 3. Calculate k(-5).
8
Let r(k) = k**2 + 5*k - 3. What is r(-7)?
11
Let z(v) = -4*v**2 + v - 2. Give z(1).
-5
Let z(a) = a**2 - a - 11. Determine z(-3).
1
Let h(i) = -135*i + 1749. Give h(13).
-6
Let w(o) = 2*o - 1. What is w(6)?
11
Let l(f) = -f - 23. Determine l(-16).
-7
Let t(v) = v**3 - 7*v**2 - 5*v - 8. Determine t(8).
16
Let b(p) = 9*p - 11. Give b(6).
43
Let z(p) = p**3 + 3*p**2 + 4*p + 8. Determine z(-3).
-4
Let y(f) = 6*f - 26. Calculate y(4).
-2
Let x(m) = -4*m + 5. Determine x(4).
-11
Let y(w) = -2*w**3 - w**2 + 2. Calculate y(1).
-1
Let z(h) = -h**3 - 14*h**2 + 33*h + 22. Determine z(-16).
6
Let c(k) = -6*k**3 + 60*k**2 - 3*k + 21. Give c(10).
-9
Let c(z) = -185*z - 721. Give c(-4).
19
Let o(g) = g**3 + 4*g**2 + g + 2. Det